the first derivative of z**3/3 - z**2/2 - 16*z + 1025. Let i(q) = q**2 + 5*q - 6. Let u be i(-6). Calculate r(u).
-16
Let f(l) = -3297 - 673*l + 752*l + 3980 + l**2. Determine f(-69).
-7
Let w(m) = -m**3 - 5*m**2 + 5. Let u be w(-5). Let n(y) be the first derivative of -y**4/4 + 2*y**3 - 3*y**2/2 + y - 6894. Determine n(u).
11
Suppose 4*s - 11 = 3*m + 15, -5*s + 4*m = -33. Let b(f) = -f**3 - 8*f**2 - 2*f. Let i(z) = z**3 + 8*z**2 + z. Let t(o) = s*i(o) + 6*b(o). Give t(-7).
0
Let q(f) = 4*f - 3. Let y = 131 + 10. Let w = y - 142. Determine q(w).
-7
Let r(w) = 0*w + 17 + 3*w + 3*w + 1 - 5. Determine r(8).
61
Let s(o) = 2*o**2 + 8*o + 6. Let l be ((-6)/(-5))/(2 + (-102)/60). Suppose -3*v + l*g = 21, 2*g - 1 = 5. What is s(v)?
0
Let z(n) be the second derivative of 0 - 45*n + 1/2*n**3 + 7/2*n**2. Calculate z(-11).
-26
Let b(v) be the first derivative of v**2/2 + 37*v + 740. Give b(-16).
21
Suppose 66 = -3*n + 6*n. Let s be ((-16)/(-6))/(12/72). Let k = s - n. Let f(a) = 2*a**2 + 9*a. What is f(k)?
18
Suppose -5*q + 4*w = 0, 0*q - 5*w = 4*q. Let r(j) be the second derivative of -39*j + 0*j**3 - 3/2*j**2 - 1/12*j**4 + 0. Determine r(q).
-3
Let h(n) = -n**3 - 11*n**2 - 15*n + 23. Suppose 0 = -5*q - j - 52, 4*q - 159*j = -161*j - 50. Determine h(q).
-4
Let z(w) = -2*w**2 - 4*w - 3. Let d(g) = 4*g**2 - 18 + 14*g + 2*g**2 - 4*g**2. Let x = 1049 + -1057. Let t be d(x). What is z(t)?
-3
Let r(z) be the third derivative of z**5/60 + 7*z**4/24 + 7*z**3/6 + 221*z**2. Let x(j) = j - 19. Let d be x(14). Determine r(d).
-3
Let y be 168/27*(-63)/(-14). Suppose -2*b - 130 = -y*b. Let i(m) = 2*m - 9. Determine i(b).
1
Let d(y) = -4*y + 19. Let k(c) = 17*c - 26. Let x(b) = 4*d(b) + k(b). Give x(-20).
30
Let r(n) = 6 + 53*n + 49*n + 53*n + 45*n - 207*n. Calculate r(2).
-8
Suppose 5*l - 10 = 15. Suppose 5*a - 5 = 5*v, 2*v + l = 4*a + 1. Let j(k) = -11*k**3 + 5*k**3 + k - 2*k**2 + 0*k**3 + 5*k**3. Calculate j(a).
-2
Suppose -m - 2*o = -94, 4*o - 7*o - 409 = -4*m. Suppose -93 + m = -7*j. Let q(b) = 2*b + 6*b**2 + 1 - 6*b**2 + b**2. Calculate q(j).
0
Let u(b) = 2*b + 14. Let x(d) = d**3 + 11*d**2 + 10*d + 12. Let k be x(-10). Suppose 12*h = -84 - k. Determine u(h).
-2
Let x(a) be the second derivative of -a**5/20 - a**3 - 4*a**2 + 19*a - 7. What is x(-4)?
80
Suppose -3*t + 54 = -3*y, 0 = -5*t + 2*y - 3*y + 84. Let p(i) = i + 4*i - 8 + t - 6*i. What is p(4)?
5
Let v(z) = 8*z**2 + 45*z + 134. Let t(s) = 13*s**2 + 68*s + 201. Let h(r) = 5*t(r) - 8*v(r). Calculate h(23).
2
Let s(d) = -3*d**2 + 9*d - 4*d + 2*d**2. Let l(u) = u**3 - 17*u**2 + 30*u + 5. Let z be l(15). Suppose -q + 7 = z*y, -q - 4*y = -2*q + 7. Calculate s(q).
-14
Suppose g + 20 = 10. Let f be ((-9)/(-5))/((-6)/g). Let s(x) = 5*x**2 - 2 + 6*x**f - 5*x**3 + 0*x + 0 + x. Calculate s(-3).
13
Let r(x) = x**3 + 19*x**2 + 6. Suppose -37*o + 2*l = -36*o + 31, 0 = 5*o + 4*l + 71. Give r(o).
6
Let c(m) = -m + 19. Let u be 6 - (1 - 6 - -10). Let j(o) = -1. Let n(s) = u*c(s) + 6*j(s). Determine n(11).
2
Let t(k) = -10*k + 1. Let r(m) = m**2 + 6*m + 5. Let b(w) = w**2 + 4*w + 3. Let l(q) = -5*b(q) + 3*r(q). Let c(z) = -5*l(z) + t(z). Give c(1).
11
Let w(a) = -6*a + 1. Suppose -7*f = -4*f - 9. Let z(q) = 5*q. Let t(i) = f*w(i) + 4*z(i). Let m be (1 - 0) + 1 + -6 - 0. What is t(m)?
-5
Let j = -54 + 117. Let m = j - 66. Let f(o) = -o - 7. What is f(m)?
-4
Let z(k) = -2*k**2 - 29. Suppose 48*h + 3*i + 3 = 43*h, 0 = h + 3*i + 3. Determine z(h).
-29
Let k(u) = u**3 + 4*u**2 - 2*u - 5. Suppose 4*w = 10*r - 6*r + 332, 0 = 5*r - 20. Suppose -4 = w*p - 86*p. Give k(p).
3
Let c(r) = -r**2 - 5*r + 5. Let y(s) = -10*s**2. Let m be y(-1). Let o be (24/(-10))/(-1*(-3)/(-30)). Let z be 2/(o/m - -2). Give c(z).
5
Let b = 10551 + -10555. Let a(j) = -8*j - 1. Determine a(b).
31
Let r(j) = -j**3 + 8*j**2 - 10*j - 18. Let k be -1 + 3 - (-6)/(0 - 18/(-12)). Determine r(k).
-6
Suppose -y = 2*u + 21, 155*y = u + 159*y + 28. Let f(a) = 5*a - a**3 + 0*a**3 + 0*a**2 + 11 - 9*a**2 - 11*a. What is f(u)?
-5
Let i(a) = a**3 + 22*a**2 + 3*a + 26. Let m be i(-22). Let x be m/(-60) + (-48)/(-9). Let r(j) = 3*j**2 - 18*j - 3. Give r(x).
-3
Let v(n) = -33*n**2 - 18*n + 10528 - 5252 + 2*n**3 - 5268. Give v(17).
-9
Suppose 4*b + 2*a + 26 = 0, -318*b + 16 = -320*b - 4*a. Let g(w) = w**3 + 7*w**2 + 7*w + 3. Give g(b).
-3
Suppose 345*z - 335*z = 0. Let q(d) be the second derivative of z - 14*d - 2/3*d**3 - 1/2*d**2. What is q(2)?
-9
Let w(l) = 60*l**2 + 20*l + 69. Let o be w(-4). Let x = -955 + o. Let h(i) = -i**3 - 8*i**2 - 7*i - 2. Determine h(x).
-32
Suppose 2*m - 2*z - 11 = 21, 5*m = -2*z + 45. Let j(c) = 8*c - 67. Calculate j(m).
21
Let z be -4*(0 + 10/8*80/(-200)). Let l(t) = -t - 1. Let h(y) = -4*y + 1. Let f(q) = -h(q) - 2*l(q). What is f(z)?
13
Let r(c) = -c**2 + 10*c + 10. Let q(g) = -14*g + 7. Let n be q(-5). Suppose -n*d - 12 = -79*d. Let o(a) = a**2 - 4*a - 1. Let b be o(d). Give r(b).
-1
Let o(g) = 11*g - 127. Let z be o(12). Let v(m) = -7*m + 7*m + 9 - z*m + 3*m. Let n = 4 - -2. Determine v(n).
-3
Let d = -11 + 3. Let m(z) = -3*z**2 + 25 + 2*z**2 - 8*z + 22 - 65 + 19. What is m(d)?
1
Let b be 138/(-12) - (-6)/4. Let y(m) = 2*m + 12 + 7 - 3 + 2 - 3. What is y(b)?
-5
Let i = -88 + 89. Suppose 6*y - 25 = -i. Let r(h) = 3*h - 5. Give r(y).
7
Let t be 1/((-1)/(-46)) + 0/(-144). Let c = -35 + t. Let n(j) = -11*j - 2 + j - 5 + j**2. What is n(c)?
4
Let h(n) = -446*n + 221*n - 3 + 230*n - 5*n**2 - n**3. Give h(3).
-60
Let n(y) = 1. Suppose -80 + 56 = -4*g. Let j(r) = r - 6. Let i(o) = g*n(o) - j(o). Determine i(9).
3
Let w(z) = 9*z + 8. Let n(k) = k**3 - 8*k**2 + 41*k - 240. Let a be n(7). Give w(a).
-10
Let g(v) be the second derivative of v**4/12 + 23*v**3/6 + 39*v**2 - 41*v - 1. Let r be g(-19). Let q(m) = m**3 - m**2 + 3*m - 1. Determine q(r).
9
Let l(b) = 20*b - 132*b + 8 + 118*b. What is l(-7)?
-34
Let w(b) = -8*b + 67. Let r be w(15). Let v = r - -55. Let q(i) = 0*i**2 + 0*i**2 - 1 + 2*i**2. What is q(v)?
7
Let f be 0 - (-1 + 1 + (-4 - -3)). Let y(g) = g**2. Let c(m) = -11*m**2 + m - 1. Let z(q) = c(q) - 2*y(q). Calculate z(f).
-13
Let t(i) = i**3 - 3*i**2 - 5*i. Let o = -26 - -18. Let w = 45 - o. Suppose 50*f + 12 = w*f. Determine t(f).
-4
Let q(r) be the first derivative of -r**3/3 - 13*r**2/2 + 92*r - 4544. Calculate q(-18).
2
Let c(j) = 7*j**3 + 3*j**2 - 5*j + 5. Let v be ((-288)/30 + 9)*-5. Let k(f) = 5*f**3 + 3*f**2 - 4*f + 5. Let g(a) = v*k(a) - 2*c(a). What is g(-4)?
-3
Suppose 17*v - 15*v = -3*w - 20, -v - 7 = w. Let y(b) = 2*b + 5 - b**2 + 1 + 0 - 5*b. Determine y(w).
-12
Let z(d) = -d**2 - 2*d + 1. Suppose 6*k - 2 = 5*k. Let n be ((-11)/(-8))/11 + (-1)/8. Suppose n = b - k + 1. What is z(b)?
-2
Let n(v) = 7*v**3 - 26*v**2 - 3*v - 1. Let s(i) = -2*i**3 + 8*i**2 + i - 1. Let u(y) = -n(y) - 3*s(y). What is u(3)?
-5
Let m(a) = 3*a - 11. Suppose -t + 19 = 3*j + 11, -3*j + 6 = 0. Let l be (1 + t/(-8))/((-6)/(-48)). Give m(l).
7
Let x be 4/(-14)*1 + (-100)/(-7). Let c be -3*1/(-12) + x/8. Let a(b) = c + 14*b - 7 + b**2 - 7*b. Give a(-8).
3
Let x(u) be the second derivative of -u**4/6 - 5*u**3/6 + 5*u**2 - 2*u + 59. Let l(t) = -3*t**2 - 3*t + 10. Let z(d) = 3*l(d) - 4*x(d). Determine z(9).
8
Let w be -3*(-6)/(-27)*351/(-26). Suppose 2 = 5*v - 2*i, 5*v + 4*i - 16 = 10. Let l(y) = 8*y - 20*y + y**v + 1 + 7. Calculate l(w).
-19
Let y(a) = a**2 + 35*a - 31. Suppose -2*n = v + 74, -3*n - 4*v + 64 = 180. Give y(n).
5
Let r(x) = x**2 + 2*x + 5. Suppose -2*n - 11 = -3*k, 0 = 4*k - 0*n + 3*n - 9. Determine r(k).
20
Let x = -270 + 267. Let o(z) = -3*z - 2. Let l(j) = -4*j - 1. Let u(a) = x*l(a) + 2*o(a). Calculate u(-5).
-31
Let k(u) be the first derivative of 3*u**2/2 - 5*u + 1898. What is k(11)?
28
Let m(o) = -352 + 159 + 17*o**2 + 191 - 6*o**2. What is m(-2)?
42
Let t(m) = -m**3 - 7*m**2 + m + 8. Let k(u) = -28*u - 203. Let q be k(-7). What is t(q)?
1
Let r be 3/(-10)*-2 - 16/(-40). Let q(f) = 5*f**2 - 10*f + 5. Let b(s) = s**2 - s. Let i(h) = r*q(h) - 6*b(h). Give i(-5).
0
Let f(s) be the second derivative of -s**3/2 - 5*s**2/2 - 3715*s. Let q be 1 - (-1 - -1 - -7). Determine f(q).
13
Let d(v) = -6*v + 3*v + 4 + 21 - 6*v - 2*v**2 - 42. Let s be d(-2). Let r(q) = 3*q + 17. Give r(s).
-4
Let a(p) = -p**3 - p**2 + p - 7. Let r(w) = -12*w + 3. Let z